48. Suppose -4*a + 0*r + 8 = 5*r, 0 = -3*r. Suppose 3*d = -2*x + 2101, -3*d - a*d - x + 3504 = i. Is d a prime number?
True
Suppose -3*c - 74*t = -77*t - 2127042, 5*c - 4*t - 3545063 = 0. Is c prime?
False
Suppose -f = 5*g - 491527, g + 0*f = -3*f + 98311. Is g a prime number?
False
Let a(l) = -l**3 + 6*l**2 + 3*l + 15. Let i be a(7). Let j(c) = c**3 + 12*c**2 - 16*c - 18. Let b be j(i). Suppose b*g - 14*g - 13447 = 0. Is g composite?
True
Suppose 4*t = 313970 + 610674. Is t a composite number?
True
Let i = -163 - -493. Suppose -154*u + 148*u + i = 0. Is u a prime number?
False
Suppose 1698364 = -42*i + 11501458. Is i composite?
False
Let u(h) = h**3 - 7*h**2 - 29*h - 6. Let z be u(10). Suppose 3*b - 24909 = -z*t + 2*b, 5*t = 4*b + 31131. Is t a prime number?
False
Let n = -363 + 1058. Suppose -21846 = n*r - 701*r. Is r composite?
True
Suppose 3*q + 5*p = 63, -57 = -4*q + q - 3*p. Suppose q*u - 269 = -3*m + 18*u, -67 = -m - 5*u. Is m a prime number?
False
Suppose 0 = 8*x + 6 - 6. Suppose j - 1817 + 108 = x. Is j a composite number?
False
Let d = 23851 + -9656. Let h = d - 9924. Is h a composite number?
False
Let t(v) = -v**3 + 21*v**2 - 6*v + 25. Let h be t(17). Suppose -2*g + 3563 + h = 0. Is g prime?
False
Let k(s) = s**2 + 38*s + 74. Let y be k(-36). Suppose d = y*t - 469, 0*d = -5*t + d + 1174. Is t composite?
True
Is 416769 + -1 + -9 - 10/(-5) a prime number?
True
Let b be (2 - -1) + 1/1 - 4. Suppose b = 151*d - 154*d + 10713. Is d a prime number?
True
Suppose -2*q + 3 = -2*k - 7, 0 = -2*q + 4*k + 18. Let h be 1*42/(-24)*-4. Is q + 3 - h - (1 - 773) composite?
False
Let x = -73 - -58. Let o be ((-14)/(-5))/7*x. Is o/(-30) + (-2108)/(-10) a composite number?
False
Let k(j) = -327*j**3 - 17*j**2 - 53*j + 19. Is k(-10) prime?
True
Suppose 0 = 5*z + 5*m - 590980, 7*m = z + 2*m - 118178. Is z composite?
True
Let i = 98 + -3737. Is ((-2)/(-3))/((-14558)/i - 4) a prime number?
True
Let k = -1262 + 5810. Let m = k - 1549. Is m composite?
False
Is -21188*((-22)/8)/11 prime?
True
Let i(j) = -66*j**3 - 5*j**2 + 3*j + 5. Let p(b) = 10*b - 13. Let t be p(1). Is i(t) a composite number?
False
Suppose 3*a + 2*c - 361 = 0, 3*a - 4*c - 358 = -9*c. Let d = 119 - a. Is ((-1)/d)/((-3)/(-318)) a prime number?
True
Suppose 1676*z = 1690*z - 615062. Is z a prime number?
True
Suppose -4*t - 2*f = -725322, -7*f - 265488 = -2*t + 97117. Is t composite?
True
Let s(r) = 5*r + 10135. Let q be (0 - 0) + -7 + 8 + -1. Is s(q) composite?
True
Let v(o) = o**2 + 7*o - 59. Let j be v(-12). Is 54944/16 + (6 - j) a composite number?
True
Suppose 19*v + 86 = 14*v - 2*y, 16 = -v - y. Is (-6)/4*(-1 - (-12090)/v) a composite number?
False
Let i = -118 - -114. Is (-8)/(-12) - ((-4756)/12 + i) a composite number?
False
Suppose -13*x + 47*x - 4843872 = 15230170. Is x a prime number?
False
Let f(h) = h**3 - h**2 - 1. Let i(w) = -125*w**3 + 4*w**2 + 2*w - 6. Let p(v) = -3*f(v) - i(v). Is p(2) prime?
True
Let r(h) = h**3 + 6*h**2 + 2. Let f be r(-6). Let q(k) = 2464*k + 41. Is q(f) a prime number?
True
Let b be 1 + ((-2)/1)/(-2). Let i = -2371 - -4295. Suppose 6*s = b*s + i. Is s a prime number?
False
Let j(o) = -251*o**2 - 5*o - 19. Let y(g) = -753*g**2 - 14*g - 57. Let l(a) = 17*j(a) - 6*y(a). Is l(-5) a prime number?
True
Suppose -71868 = -3*y - d, 1 = -4*d - 11. Is y composite?
False
Suppose 103542 = 4*p - 271298. Suppose -p = -277*i + 267*i. Is i a prime number?
True
Is ((-14)/(-5) - 20/25)/((-14)/(-1056895)) prime?
False
Let o(m) = 6681*m**2 - 8*m - 66. Is o(-5) a composite number?
True
Let t = -51 + 73. Let u = t - 28. Let w(s) = 25*s**2 - 4*s - 1. Is w(u) a composite number?
True
Let g(z) = -2*z**3 + 12*z**2 - 7*z - 6. Let v be g(5). Is 3/v*-3 + 1118 a prime number?
True
Let z(b) = 1247*b - 834. Is z(68) a composite number?
True
Let g(p) = 20448*p**2 + 18*p - 23. Is g(-5) a prime number?
True
Let d(o) = 1127147*o**2 - 123*o - 121. Is d(-1) prime?
True
Let f be -4 + (4/4 + -7)*11. Is (-347018)/f - 2/5 a composite number?
False
Let h(m) be the second derivative of 19*m**4 - 3*m**3/2 + 17*m**2 + 161*m. Is h(-5) a prime number?
True
Suppose -2*n + 4*h = 2*n + 3316, 5*h + 1672 = -2*n. Let f(s) = -56*s**3 - 4*s**2 + 5*s + 11. Let q be f(-3). Let i = q + n. Is i a composite number?
False
Let i = 59 - 73. Let f(v) = -5*v**3 + 27*v**2 + 116*v - 11. Is f(i) a prime number?
True
Let a(s) = 35*s**3 + 2*s**2 + 4*s - 2. Let f(q) = -q**3 - q + 2. Let d be f(0). Let o be a(d). Suppose o - 83 = p. Is p a prime number?
True
Suppose -7*b + 3*b = -5*q + 1379, 361 = -b - 2*q. Let a = b - -872. Is a a prime number?
True
Suppose 0 = -2*w - 2*g - 666830 + 1951514, -2*w - g = -1284689. Is w prime?
False
Suppose 0 = -5*t + 4*l + 829, 3*t + 5*l = -2*t + 865. Suppose 5*r - t = -4*a + 1044, a - 2*r = 313. Is a a composite number?
False
Let c(f) = 275*f**2 - 3*f - 215. Is c(-27) a composite number?
False
Suppose -82 = -3*r + 2*r + 4*m, 0 = -4*r - 2*m + 328. Let n = -86 + r. Let w(i) = 151*i**2 + i - 5. Is w(n) prime?
False
Suppose 4 = -2*n - 4. Let b(a) = 86*a**2 + 7*a. Let w(t) = -43*t**2 - 4*t + 1. Let l(i) = 3*b(i) + 5*w(i). Is l(n) prime?
False
Is (842558/(-42) + 60/105)/(11/(-33)) a prime number?
False
Let j = -159 + 940. Is 6 + (-8 - 0) + j composite?
True
Let q = -158 - -158. Is (5 - (q + 2))*6964/12 a prime number?
True
Let s(c) = c**2 - 31 + 21 + 16 - 16*c + 14. Let q be s(14). Is q/(48/(-11690)) - 2/(-3) composite?
False
Is (160078/4 + 0)/((-5)/(2 + -12)) prime?
True
Let b be 2 - (4 + 209*-4). Let r be (-3)/((-63)/b) - 4/(-14). Suppose 0 = 37*z - r*z + 159. Is z a prime number?
True
Suppose -3*r - 263 = -5*a - 83, 102 = 3*a - 3*r. Let k = a + -257. Let c = k + 657. Is c composite?
False
Suppose -315 = -2*f + 363. Suppose x - 4*r - f = 304, -4*x - r = -2640. Is x a composite number?
False
Suppose 4*c + 4*w - 2317824 = 0, 1158892 = -2*c + 4*c - 2*w. Is c a composite number?
False
Suppose o = 137*p - 132*p - 311389, -3*o = 3*p - 186837. Is p composite?
True
Let m(h) = -611*h - 46. Let w be m(-8). Let k = -10565 - -7146. Let y = k + w. Is y composite?
False
Suppose 0 = -7811*w + 7802*w + 215937. Is w a prime number?
True
Suppose 3*r - 35736 = t + 69001, 0 = 4*r - 3*t - 139646. Is r a prime number?
True
Is 3/(-11) + (-14 - (-7071200)/176) a composite number?
False
Let s(d) = 182*d**2 - 20*d + 57. Let a be s(11). Let f = a - 33088. Let j = -7582 - f. Is j a prime number?
False
Let z be 40208/70 + (-4)/10. Suppose 2*q + 4*v = z, -877 - 591 = -5*q + v. Let h = -138 + q. Is h prime?
False
Let y(t) = -249*t + 18. Let b be y(-5). Suppose -15*j + 6372 + b = 0. Is j a composite number?
False
Suppose -12*d + 16*d = 2*h + 92212, -2*d = 4*h - 46106. Is d a prime number?
True
Suppose 0 = 4*g - i - 5955 - 329, 0 = -g + 5*i + 1552. Let k = g - 693. Is k a prime number?
False
Suppose -46*y = -92*y + 9056066. Is y prime?
True
Let f = 25567 + -17099. Suppose 6*m - 11686 - f = 0. Is m composite?
False
Let s = 2050 - 1434. Let h = 921 - s. Is h prime?
False
Let w = 2951424 - 500971. Is w prime?
True
Suppose 6 = x + d - 7, 5*x - 77 = d. Let n(s) = 343*s + 96. Is n(x) prime?
False
Suppose 1233455 = 16*y + 6783. Is y a composite number?
False
Let g = 1831 + -1071. Let u(m) = -15*m + 352. Let j be u(27). Let c = j + g. Is c a prime number?
False
Suppose 649 = 3*b - 1181. Let k = -1793 + b. Let j = k - -2714. Is j a composite number?
False
Let z = 375965 - -92796. Is z a composite number?
False
Suppose 98*i + 8*i + 14671320 - 76318058 = 0. Is i prime?
True
Suppose o + 16670 = -4*i, 0*o = 3*o + 6. Let h = i + 10326. Is h composite?
True
Let b = 148434 + 144212. Is b a composite number?
True
Suppose 0*t - 188 = -t. Let h = t + 25. Suppose 5*j = -3*l + h + 4745, -4*l + 4*j = -6664. Is l a composite number?
True
Suppose -194 - 283 = -6*f + 8733. Is f a composite number?
True
Suppose 2*h - 102296 + 5227 = -p, -h = -1. Is p composite?
True
Let f = 13657 - 7194. Suppose -v - 10741 = -4*j - j, 4*v - f = -3*j. Is j a composite number?
True
Suppose -3 + 45 = 2*r. Let b(y) be the first derivative of 35*y**2 - 71*y + 6. Is b(r) a composite number?
False
Suppose 155 = 5*i + 4*m, 3*i + 2*m - 85 = -2*m. Let w be 7/(i/15) + 79. Suppose -w - 112 = -u. Is u a prime number?
False
Suppose 2*m - 341436 = -5*k, 2*k + 204854 = 5*k + 5*m. Suppo